{"id":15541,"date":"2016-04-20T15:11:44","date_gmt":"2016-04-20T15:11:44","guid":{"rendered":"http:\/\/www.varazdin.es\/fundacion\/?page_id=15541"},"modified":"2020-05-13T10:51:20","modified_gmt":"2020-05-13T10:51:20","slug":"quienes-somos","status":"publish","type":"page","link":"https:\/\/www.varazdin.es\/fundacion\/es\/quienes-somos\/","title":{"rendered":"Qui\u00e9nes somos"},"content":{"rendered":"<p>[vc_row top_padding=\u00bb50&#8243; bottom_padding=\u00bb40&#8243;][vc_column width=\u00bb1\/1&#8243;]<div class=\"divider-title align-center\" >SOBRE VARAZDIN<\/div>[vc_column_text]<\/p>\n<p style=\"text-align: center;\">La Fundaci\u00f3n Varazdin es una centro de inserci\u00f3n sociolaboral sin \u00e1nimo de lucro reconocida por el Gobierno de Navarra desde el a\u00f1o 2000.<\/p>\n<p style=\"text-align: center;\">Nuestro objetivo es facilitar la inserci\u00f3n socio-laboral de personas\u00a0con diversidad funcional\u00a0y que se encuentran\u00a0en situaci\u00f3n o riesgo de exclusi\u00f3n social.\u00a0Estas personas suelen tener una baja empleabilidad y escasas competencias personales y profesionales: nula experiencia laboral, falta de formaci\u00f3n espec\u00edfica o de oficio, largos periodos de desempleo, antecedentes problem\u00e1ticos en sus trayectorias vitales (problemas de adicciones, salud mental, periodos de reclusi\u00f3n en instituciones penitenciarias, discapacidades no reconocidas, etc).<\/p>\n<p style=\"text-align: center;\">\u00a0Para revertir esta situaci\u00f3n, Fundaci\u00f3n Varazdin desarrolla distintas actividades productivas y presta servicios a Instituciones, empresas y particulares, creando enclaves seguros o unidades de trabajo protegidos. Intervenimos para que estas personas tengan un medio para ganarse la vida, que les proporcione autonom\u00eda y facilitar de esta forma su integraci\u00f3n o inclusi\u00f3n social.<\/p>\n<p style=\"text-align: center;\">Con ello queremos mostrar y demostrar a la Sociedad que todas las personas tienen cabida en la misma y que son capaces de realizar una actividad laboral efectiva.<\/p>\n<p>[\/vc_column_text]<div class=\"divider-title align-center\" >MIEMBROS PATRONATO<\/div>[vc_row_inner][vc_column_inner width=\u00bb1\/4&#8243;][\/vc_column_inner][vc_column_inner width=\u00bb1\/2&#8243;][vc_column_text]<\/p>\n<p style=\"text-align: center;\">D. Miguel F. Aizp\u00fan Bobadilla<br \/>\nD. Francisco Javier Sanz Herrera<br \/>\nD. Jos\u00e9 Orueta y Gayt\u00e1n de Ayala<br \/>\nD\u00f1a. Mar\u00eda Beunza Mijimolle<br \/>\nD\u00f1a. Mar\u00eda Victoria Bernad Calza<br \/>\nD\u00f1a. M\u00aa Dolores Eguren Apesteguia<br \/>\nD. Carlos Javier Gonzalez Navarro<\/p>\n<p>[\/vc_column_text][\/vc_column_inner][vc_column_inner width=\u00bb1\/4&#8243;][\/vc_column_inner][\/vc_row_inner]<div class=\"spacer\" style=\"height: 40px;\"><\/div><div class=\"single_image wpb_content_element align-center   \" data-animation=\"none\" data-delay=\"0\"><img width=\"350\" height=\"151\" src=\"https:\/\/www.varazdin.es\/fundacion\/wp-content\/uploads\/2016\/04\/varazding.jpg\" class=\"attachment-full\" alt=\"\" loading=\"lazy\" srcset=\"https:\/\/www.varazdin.es\/fundacion\/wp-content\/uploads\/2016\/04\/varazding.jpg 350w, https:\/\/www.varazdin.es\/fundacion\/wp-content\/uploads\/2016\/04\/varazding-300x129.jpg 300w\" sizes=\"(max-width: 350px) 100vw, 350px\" \/><\/div>[\/vc_column][\/vc_row][vc_row type=\u00bbfull_width_section\u00bb bg_color=\u00bb#707070&#8243; text_color=\u00bblight\u00bb bg_position=\u00bbleft top\u00bb][vc_column column_padding=\u00bbpadding-5&#8243; width=\u00bb1\/3&#8243;][vc_column_text]<\/p>\n<h6>Misi\u00f3n<\/h6>\n<p>Facilitar la inserci\u00f3n socio-laboral de personas\u00a0con diversidad funcional en situaci\u00f3n de\u00a0exclusi\u00f3n, o en riesgo de estarlo, form\u00e1ndolas mediante el\u00a0desarrollo de actividades productivas.[\/vc_column_text][\/vc_column][vc_column bg_color=\u00bb#222222&#8243; column_padding=\u00bbpadding-5&#8243; width=\u00bb1\/3&#8243;][vc_column_text]<\/p>\n<h6>Visi\u00f3n<\/h6>\n<p>Varazdin aspira a desarrollar los mecanismos que aumenten\u00a0el grado de empleabilidad de personas en situaci\u00f3n de exclusi\u00f3n,\u00a0o en riesgo de estarlo para posibilitar su acceso a empresas\u00a0normalizadas y conseguir su autonom\u00eda tanto econ\u00f3mica\u00a0como personal.<\/p>\n<p>Varazdin quiere ser un Centro de Inserci\u00f3n Sociolaboral referente\u00a0en Navarra por sus buenas pr\u00e1cticas, reconocido por la\u00a0alta calidad y el valor social de los servicios prestados tanto a\u00a0los clientes externos como a las personas usuarias.[\/vc_column_text][\/vc_column][vc_column bg_color=\u00bb#3c705d\u00bb column_padding=\u00bbpadding-5&#8243; width=\u00bb1\/3&#8243;][vc_column_text]<\/p>\n<h6>Valores<\/h6>\n<ul>\n<li>Equipo humano comprometido.<\/li>\n<li>Autonom\u00eda productiva.<\/li>\n<li>Innovaci\u00f3n y creatividad industrial, social y en nuevos proyectos.<\/li>\n<li>Compromiso con la calidad y mejora continua.<\/li>\n<li>Itinerarios personalizados integrales: a trav\u00e9s de la actividad<br \/>\nproductiva y como personas.<\/li>\n<li>Comunicaci\u00f3n al exterior de iniciativas, proyectos y actividades.<\/li>\n<\/ul>\n<div style=\"width: 1px; height: 26px;\"><\/div>\n<p>[\/vc_column_text][\/vc_column][\/vc_row][vc_row type=\u00bbfull_width_section\u00bb][vc_column width=\u00bb1\/1&#8243;]<div class=\"callout clearfix\" style=\"background-color:#e2aa53; color:#ffffff;\">\n\t\t<div class=\"callout-text\">\u00bfNos ayudas a crear un futuro mejor?<\/div>\n\t\t\t<div class=\"callout-button\"><a class=\"button medium color-6\" href=\"http:\/\/www.varazdin.es\/fundacion\/contacto\/\" target=\"_self\">INVOL\u00daCRATE<\/a><\/div>\n\t\t<\/div>[\/vc_column][\/vc_row]<\/p>\n","protected":false},"excerpt":{"rendered":"<p>[vc_row top_padding=\u00bb50&#8243; bottom_padding=\u00bb40&#8243;][vc_column width=\u00bb1\/1&#8243;][vc_column_text] La Fundaci\u00f3n Varazdin es una centro de inserci\u00f3n sociolaboral sin \u00e1nimo de lucro reconocida por el Gobierno de Navarra desde el a\u00f1o 2000. Nuestro objetivo es facilitar la inserci\u00f3n socio-laboral de personas\u00a0con diversidad funcional\u00a0y que se encuentran\u00a0en situaci\u00f3n o riesgo de exclusi\u00f3n social.\u00a0Estas personas suelen tener una baja empleabilidad y escasas competencias personales y profesionales: nula experiencia laboral, falta de formaci\u00f3n espec\u00edfica o de oficio, largos periodos de desempleo, antecedentes problem\u00e1ticos en sus trayectorias vitales (problemas de adicciones, salud mental, periodos de reclusi\u00f3n en instituciones penitenciarias, discapacidades no reconocidas, etc). \u00a0Para revertir esta situaci\u00f3n, Fundaci\u00f3n Varazdin desarrolla distintas actividades productivas y presta servicios a Instituciones, empresas y particulares, creando enclaves seguros o unidades de trabajo protegidos. Intervenimos para que estas personas tengan un medio para ganarse la vida, que les proporcione autonom\u00eda y facilitar de esta forma su integraci\u00f3n o inclusi\u00f3n social. Con ello queremos mostrar y demostrar a la Sociedad que todas las personas tienen cabida en la misma y que son capaces de realizar una actividad laboral efectiva. [\/vc_column_text][vc_row_inner][vc_column_inner width=\u00bb1\/4&#8243;][\/vc_column_inner][vc_column_inner width=\u00bb1\/2&#8243;][vc_column_text] D. Miguel F. Aizp\u00fan Bobadilla D. Francisco Javier Sanz Herrera D. Jos\u00e9 Orueta y Gayt\u00e1n de Ayala D\u00f1a. Mar\u00eda Beunza Mijimolle D\u00f1a. Mar\u00eda [&hellip;]<\/p>\n","protected":false},"author":1,"featured_media":0,"parent":0,"menu_order":0,"comment_status":"closed","ping_status":"open","template":"","meta":[],"_links":{"self":[{"href":"https:\/\/www.varazdin.es\/fundacion\/wp-json\/wp\/v2\/pages\/15541"}],"collection":[{"href":"https:\/\/www.varazdin.es\/fundacion\/wp-json\/wp\/v2\/pages"}],"about":[{"href":"https:\/\/www.varazdin.es\/fundacion\/wp-json\/wp\/v2\/types\/page"}],"author":[{"embeddable":true,"href":"https:\/\/www.varazdin.es\/fundacion\/wp-json\/wp\/v2\/users\/1"}],"replies":[{"embeddable":true,"href":"https:\/\/www.varazdin.es\/fundacion\/wp-json\/wp\/v2\/comments?post=15541"}],"version-history":[{"count":22,"href":"https:\/\/www.varazdin.es\/fundacion\/wp-json\/wp\/v2\/pages\/15541\/revisions"}],"predecessor-version":[{"id":16321,"href":"https:\/\/www.varazdin.es\/fundacion\/wp-json\/wp\/v2\/pages\/15541\/revisions\/16321"}],"wp:attachment":[{"href":"https:\/\/www.varazdin.es\/fundacion\/wp-json\/wp\/v2\/media?parent=15541"}],"curies":[{"name":"wp","href":"https:\/\/api.w.org\/{rel}","templated":true}]}}