{"id":13141,"date":"2015-01-10T17:04:32","date_gmt":"2015-01-10T17:04:32","guid":{"rendered":"http:\/\/localhost\/themes\/unicon\/?page_id=13141"},"modified":"2026-02-02T20:02:20","modified_gmt":"2026-02-02T20:02:20","slug":"inicio","status":"publish","type":"page","link":"https:\/\/www.varazdin.es\/fundacion\/es\/","title":{"rendered":"Inicio"},"content":{"rendered":"<p>[vc_row top_padding=\u00bb60&#8243; bottom_padding=\u00bb40&#8243; bg_position=\u00bbleft top\u00bb][vc_column width=\u00bb1\/1&#8243;][rev_slider_vc alias=\u00bbhome\u00bb][\/vc_column][\/vc_row][vc_row top_padding=\u00bb30&#8243;][vc_column width=\u00bb1\/1&#8243;]<div class=\"divider-title align-center\" >NUESTROS VALORES<\/div>[\/vc_column][\/vc_row][vc_row][vc_column el_class=\u00bbestrecha\u00bb width=\u00bb1\/3&#8243;]<div class=\"iconbox  wpb_content_element iconbox-style-3 icon-color-greyscale color-dark\"><i class=\"fa sl-users boxicon\" style=\"\"><\/i><h3>PERSONAS<\/h3><p>Facilitamos la inserci\u00f3n laboral de personas con diversidad funcional en exclusi\u00f3n social mediante el desarrollo de actividades productivas en entornos protegidos.<\/p><\/div>[\/vc_column][vc_column el_class=\u00bbestrecha\u00bb width=\u00bb1\/3&#8243;]<div class=\"iconbox  wpb_content_element iconbox-style-3 icon-color-greyscale color-dark\"><i class=\"fa sl-heart boxicon\" style=\"\"><\/i><h3>SOCIEDAD<\/h3><p>Queremos implicar activamente a la Sociedad promoviendo la inclusi\u00f3n socio-laboral de todas las personas, colaborando para ello con instituciones p\u00fablicas, entidades sociales y privadas.<\/p><\/div>[\/vc_column][vc_column el_class=\u00bbestrecha\u00bb width=\u00bb1\/3&#8243;]<div class=\"iconbox  wpb_content_element iconbox-style-3 icon-color-greyscale color-dark\"><i class=\"fa sl-globe boxicon\" style=\"\"><\/i><h3>MEDIO AMBIENTE<\/h3><p>Nuestra actividad est\u00e1 orientada a favorecer la sostenibilidad ambiental y social de la ciudadan\u00eda propiciando una relaci\u00f3n amable entre ambas impulsando una nueva forma de construir Sociedad.<br \/>\n<\/p><\/div>[\/vc_column][\/vc_row][vc_row top_padding=\u00bb60&#8243;][vc_column width=\u00bb1\/1&#8243;]<div class=\"divider-title align-center\" >\u00bfQU\u00c9 OFRECEMOS?<\/div>[\/vc_column][\/vc_row][vc_row][vc_column width=\u00bb1\/1&#8243;][vc_raw_html]JTNDZGl2JTIwY2xhc3MlM0QlMjJ3cGJfcm93JTIwdmNfcm93LWZsdWlkJTIwc3RhbmRhcmQtc2VjdGlvbiUyMHNlY3Rpb24lMjAlMjBzZWN0aW9uLW5vLXBhcmFsbGF4JTIwJTIwc3RyZXRjaCUyMCUyMCUyMCUyMiUyMGRhdGEtc3BlZWQlM0QlMjIxJTIyJTIwc3R5bGUlM0QlMjIlMjIlM0UlM0NkaXYlMjBjbGFzcyUzRCUyMmNvbCUyMHNwYW5fMTIlMjBjb2xvci1kYXJrJTIwbGVmdCUyMiUzRSUwQSUwOSUzQ2RpdiUyMGNsYXNzJTNEJTIydmNfY29sLXNtLTQlMjBlc3RyZWNoYSUyMHdwYl9jb2x1bW4lMjBjb2x1bW5fY29udGFpbmVyJTIwY29sJTIwbm8tcGFkZGluZyUyMGNvbG9yLWRhcmslMjIlMjBzdHlsZSUzRCUyMiUyMiUyMGRhdGEtYW5pbWF0aW9uJTNEJTIyJTIyJTIwZGF0YS1kZWxheSUzRCUyMiUyMiUzRSUwQSUwOSUwOSUzQ2RpdiUyMGNsYXNzJTNEJTIyd3BiX3dyYXBwZXIlMjIlM0UlMEElMDklMDklMDklM0NkaXYlMjBjbGFzcyUzRCUyMnNpbmdsZV9pbWFnZSUyMHdwYl9jb250ZW50X2VsZW1lbnQlMjBhbGlnbi1sZWZ0JTIwJTIwYW5pbWF0ZSUyMCUyMCUyMiUyMGRhdGEtYW5pbWF0aW9uJTNEJTIyZmFkZS1pbiUyMiUyMGRhdGEtZGVsYXklM0QlMjIwJTIyJTIwc3R5bGUlM0QlMjJvcGFjaXR5JTNBJTIwMSUzQiUyMG1hcmdpbi1ib3R0b20lM0ExMnB4JTNCJTIyJTNFJTNDYSUyMGhyZWYlM0QlMjJodHRwcyUzQSUyRiUyRnd3dy52YXJhemRpbi5lcyUyRmZ1bmRhY2lvbiUyRmluZHVzdHJpYSUyRiUyMiUyMHRhcmdldCUzRCUyMl9zZWxmJTIyJTNFJTNDaW1nJTIwd2lkdGglM0QlMjI3NjMlMjIlMjBoZWlnaHQlM0QlMjI1MTAlMjIlMjBzcmMlM0QlMjJodHRwcyUzQSUyRiUyRnd3dy52YXJhemRpbi5lcyUyRmZ1bmRhY2lvbiUyRndwLWNvbnRlbnQlMkZ1cGxvYWRzJTJGMjAxNSUyRjAxJTJGaW5kdXN0cmlhLmpwZyUyMiUyMGNsYXNzJTNEJTIyYXR0YWNobWVudC1mdWxsJTIyJTIwYWx0JTNEJTIyaW5kdXN0cmlhJTIyJTIwc3Jjc2V0JTNEJTIyaHR0cHMlM0ElMkYlMkZ3d3cudmFyYXpkaW4uZXMlMkZmdW5kYWNpb24lMkZ3cC1jb250ZW50JTJGdXBsb2FkcyUyRjIwMTUlMkYwMSUyRmluZHVzdHJpYS5qcGclMjA3NjN3JTJDJTIwaHR0cHMlM0ElMkYlMkZ3d3cudmFyYXpkaW4uZXMlMkZmdW5kYWNpb24lMkZ3cC1jb250ZW50JTJGdXBsb2FkcyUyRjIwMTUlMkYwMSUyRmluZHVzdHJpYS0zMDB4MjAxLmpwZyUyMDMwMHclMkMlMjBodHRwcyUzQSUyRiUyRnd3dy52YXJhemRpbi5lcyUyRmZ1bmRhY2lvbiUyRndwLWNvbnRlbnQlMkZ1cGxvYWRzJTJGMjAxNSUyRjAxJTJGaW5kdXN0cmlhLTYwMHg0MDAuanBnJTIwNjAwdyUyMiUyMHNpemVzJTNEJTIyJTI4bWF4LXdpZHRoJTNBJTIwNzYzcHglMjklMjAxMDB2dyUyQyUyMDc2M3B4JTIyJTNFJTNDJTJGYSUzRSUzQyUyRmRpdiUzRSUwQSUwOSUzQ2RpdiUyMGNsYXNzJTNEJTIyd3BiX3RleHRfY29sdW1uJTIwd3BiX2NvbnRlbnRfZWxlbWVudCUyMCUyMiUzRSUwQSUwOSUwOSUzQ2RpdiUyMGNsYXNzJTNEJTIyd3BiX3dyYXBwZXIlMjIlM0UlMEElMDklMDklMDklM0NoMyUyMHN0eWxlJTNEJTIydGV4dC1hbGlnbiUzQSUyMGNlbnRlciUzQiUyMiUzRUlORFVTVFJJQSUzQyUyRmgzJTNFJTBBJTBBJTA5JTA5JTNDJTJGZGl2JTNFJTBBJTA5JTNDJTJGZGl2JTNFJTBBJTBBJTA5JTA5JTNDJTJGZGl2JTNFJTIwJTBBJTA5JTNDJTJGZGl2JTNFJTIwJTBBJTBBJTA5JTNDZGl2JTIwY2xhc3MlM0QlMjJ2Y19jb2wtc20tNCUyMGVzdHJlY2hhJTIwd3BiX2NvbHVtbiUyMGNvbHVtbl9jb250YWluZXIlMjBjb2wlMjBuby1wYWRkaW5nJTIwY29sb3ItZGFyayUyMiUyMHN0eWxlJTNEJTIyJTIyJTIwZGF0YS1hbmltYXRpb24lM0QlMjIlMjIlMjBkYXRhLWRlbGF5JTNEJTIyJTIyJTNFJTBBJTA5JTA5JTNDZGl2JTIwY2xhc3MlM0QlMjJ3cGJfd3JhcHBlciUyMiUzRSUwQSUwOSUwOSUwOSUzQ2RpdiUyMGNsYXNzJTNEJTIyc2luZ2xlX2ltYWdlJTIwd3BiX2NvbnRlbnRfZWxlbWVudCUyMGFsaWduLWxlZnQlMjAlMjBhbmltYXRlJTIwJTIwJTIyJTIwZGF0YS1hbmltYXRpb24lM0QlMjJmYWRlLWluJTIyJTIwZGF0YS1kZWxheSUzRCUyMjAlMjIlMjBzdHlsZSUzRCUyMm9wYWNpdHklM0ElMjAxJTNCJTIwbWFyZ2luLWJvdHRvbSUzQTEycHglM0IlMjIlM0UlM0NhJTIwaHJlZiUzRCUyMmh0dHBzJTNBJTJGJTJGd3d3LnZhcmF6ZGluLmVzJTJGZnVuZGFjaW9uJTJGc2VydmljaW9zJTJGJTIyJTIwdGFyZ2V0JTNEJTIyX3NlbGYlMjIlM0UlM0NpbWclMjB3aWR0aCUzRCUyMjc2MyUyMiUyMGhlaWdodCUzRCUyMjUxMCUyMiUyMHNyYyUzRCUyMmh0dHBzJTNBJTJGJTJGd3d3LnZhcmF6ZGluLmVzJTJGZnVuZGFjaW9uJTJGd3AtY29udGVudCUyRnVwbG9hZHMlMkYyMDE1JTJGMDElMkZzZXJ2aWNpb3MuanBnJTIyJTIwY2xhc3MlM0QlMjJhdHRhY2htZW50LWZ1bGwlMjIlMjBhbHQlM0QlMjJzZXJ2aWNpb3MlMjIlMjBzcmNzZXQlM0QlMjJodHRwcyUzQSUyRiUyRnd3dy52YXJhemRpbi5lcyUyRmZ1bmRhY2lvbiUyRndwLWNvbnRlbnQlMkZ1cGxvYWRzJTJGMjAxNSUyRjAxJTJGc2VydmljaW9zLmpwZyUyMDc2M3clMkMlMjBodHRwcyUzQSUyRiUyRnd3dy52YXJhemRpbi5lcyUyRmZ1bmRhY2lvbiUyRndwLWNvbnRlbnQlMkZ1cGxvYWRzJTJGMjAxNSUyRjAxJTJGc2VydmljaW9zLTMwMHgyMDEuanBnJTIwMzAwdyUyQyUyMGh0dHBzJTNBJTJGJTJGd3d3LnZhcmF6ZGluLmVzJTJGZnVuZGFjaW9uJTJGd3AtY29udGVudCUyRnVwbG9hZHMlMkYyMDE1JTJGMDElMkZzZXJ2aWNpb3MtNjAweDQwMC5qcGclMjA2MDB3JTIyJTIwc2l6ZXMlM0QlMjIlMjhtYXgtd2lkdGglM0ElMjA3NjNweCUyOSUyMDEwMHZ3JTJDJTIwNzYzcHglMjIlM0UlM0MlMkZhJTNFJTNDJTJGZGl2JTNFJTBBJTA5JTNDZGl2JTIwY2xhc3MlM0QlMjJ3cGJfdGV4dF9jb2x1bW4lMjB3cGJfY29udGVudF9lbGVtZW50JTIwJTIyJTNFJTBBJTA5JTA5JTNDZGl2JTIwY2xhc3MlM0QlMjJ3cGJfd3JhcHBlciUyMiUzRSUwQSUwOSUwOSUwOSUzQ2gzJTIwc3R5bGUlM0QlMjJ0ZXh0LWFsaWduJTNBJTIwY2VudGVyJTNCJTIyJTNFU0VSVklDSU9TJTNDJTJGaDMlM0UlMEElMEElMDklMDklM0MlMkZkaXYlM0UlMEElMDklM0MlMkZkaXYlM0UlMEElMEElMDklMDklM0MlMkZkaXYlM0UlMjAlMEElMDklM0MlMkZkaXYlM0UlMjAlMEElMEElMDklM0NkaXYlMjBjbGFzcyUzRCUyMnZjX2NvbC1zbS00JTIwZXN0cmVjaGElMjB3cGJfY29sdW1uJTIwY29sdW1uX2NvbnRhaW5lciUyMGNvbCUyMG5vLXBhZGRpbmclMjBjb2xvci1kYXJrJTIyJTIwc3R5bGUlM0QlMjIlMjIlMjBkYXRhLWFuaW1hdGlvbiUzRCUyMiUyMiUyMGRhdGEtZGVsYXklM0QlMjIlMjIlM0UlMEElMDklMDklM0NkaXYlMjBjbGFzcyUzRCUyMndwYl93cmFwcGVyJTIyJTNFJTBBJTA5JTA5JTA5JTNDZGl2JTIwY2xhc3MlM0QlMjJzaW5nbGVfaW1hZ2UlMjB3cGJfY29udGVudF9lbGVtZW50JTIwYWxpZ24tbGVmdCUyMCUyMGFuaW1hdGUlMjAlMjAlMjIlMjBkYXRhLWFuaW1hdGlvbiUzRCUyMmZhZGUtaW4lMjIlMjBkYXRhLWRlbGF5JTNEJTIyMCUyMiUyMHN0eWxlJTNEJTIyb3BhY2l0eSUzQSUyMDElM0IlMjBwb3NpdGlvbiUzQXJlbGF0aXZlJTNCJTIwbWFyZ2luLWJvdHRvbSUzQTEycHglM0IlMjIlM0UlM0NpbWclMjB3aWR0aCUzRCUyMjc3MSUyMiUyMGhlaWdodCUzRCUyMjUxOSUyMiUyMHNyYyUzRCUyMmh0dHBzJTNBJTJGJTJGd3d3LnZhcmF6ZGluLmVzJTJGZnVuZGFjaW9uJTJGd3AtY29udGVudCUyRnVwbG9hZHMlMkYyMDE3JTJGMDUlMkZmb3RvUE9SVEFEQS5qcGclMjIlMjBjbGFzcyUzRCUyMmF0dGFjaG1lbnQtZnVsbCUyMiUyMGFsdCUzRCUyMmZvdG9QT1JUQURBJTIyJTIwc3Jjc2V0JTNEJTIyaHR0cHMlM0ElMkYlMkZ3d3cudmFyYXpkaW4uZXMlMkZmdW5kYWNpb24lMkZ3cC1jb250ZW50JTJGdXBsb2FkcyUyRjIwMTclMkYwNSUyRmZvdG9QT1JUQURBLmpwZyUyMDc3MXclMkMlMjBodHRwcyUzQSUyRiUyRnd3dy52YXJhemRpbi5lcyUyRmZ1bmRhY2lvbiUyRndwLWNvbnRlbnQlMkZ1cGxvYWRzJTJGMjAxNyUyRjA1JTJGZm90b1BPUlRBREEtMzAweDIwMi5qcGclMjAzMDB3JTJDJTIwaHR0cHMlM0ElMkYlMkZ3d3cudmFyYXpkaW4uZXMlMkZmdW5kYWNpb24lMkZ3cC1jb250ZW50JTJGdXBsb2FkcyUyRjIwMTclMkYwNSUyRmZvdG9QT1JUQURBLTc2OHg1MTcuanBnJTIwNzY4dyUyMiUyMHNpemVzJTNEJTIyJTI4bWF4LXdpZHRoJTNBJTIwNzcxcHglMjklMjAxMDB2dyUyQyUyMDc3MXB4JTIyJTNFJTBBJTNDYSUyMHN0eWxlJTNEJTIyZGlzcGxheSUzQWJsb2NrJTNCJTIwcG9zaXRpb24lM0FhYnNvbHV0ZSUzQiUyMHRvcCUzQTAlM0IlMjB3aWR0aCUzQTUwJTI1JTNCJTIwaGVpZ2h0JTNBMTAwJTI1JTNCJTIyJTIwaHJlZiUzRCUyMmh0dHBzJTNBJTJGJTJGd3d3LnZhcmF6ZGluLmVzJTJGZnVuZGFjaW9uJTJGdmFzb3MtcmV1dGlsaXphYmxlcyUyRiUyMiUzRSUzQyUyRmElM0UlMEElM0NhJTIwc3R5bGUlM0QlMjJkaXNwbGF5JTNBYmxvY2slM0IlMjBwb3NpdGlvbiUzQWFic29sdXRlJTNCJTIwdG9wJTNBMCUzQiUyMHJpZ2h0JTNBMCUzQiUyMHdpZHRoJTNBNTAlMjUlM0IlMjBoZWlnaHQlM0ExMDAlMjUlM0IlMjIlMjBocmVmJTNEJTIyaHR0cHMlM0ElMkYlMkZ3d3cudmFyYXpkaW4uZXMlMkZmdW5kYWNpb24lMkZlcyUyRmdlc3Rpb24tamFyZGluZXMlMkYlMjIlM0UlM0MlMkZhJTNFJTBBJTNDJTJGZGl2JTNFJTBBJTA5JTNDZGl2JTIwY2xhc3MlM0QlMjJ3cGJfdGV4dF9jb2x1bW4lMjB3cGJfY29udGVudF9lbGVtZW50JTIwJTIyJTNFJTBBJTA5JTA5JTNDZGl2JTIwY2xhc3MlM0QlMjJ3cGJfd3JhcHBlciUyMiUzRSUwQSUwOSUwOSUwOSUzQ2gzJTIwc3R5bGUlM0QlMjJ0ZXh0LWFsaWduJTNBJTIwY2VudGVyJTNCJTIyJTNFTUVESU8lMjBBTUJJRU5URSUzQyUyRmgzJTNFJTBBJTBBJTA5JTA5JTNDJTJGZGl2JTNFJTBBJTA5JTNDJTJGZGl2JTNFJTBBJTBBJTA5JTA5JTNDJTJGZGl2JTNFJTIwJTBBJTA5JTNDJTJGZGl2JTNFJTIwJTBBJTNDJTJGZGl2JTNFJTNDJTJGZGl2JTNF[\/vc_raw_html][\/vc_column][\/vc_row][vc_row bg_color=\u00bb#f9f9fa\u00bb class=\u00bbocultar\u00bb row_id=\u00bbfilanoticias\u00bb][vc_column width=\u00bb1\/1&#8243;][vc_raw_html]JTNDZGl2JTIwc3R5bGUlM0QlMjJ3aWR0aCUzQSUyMDFweCUzQiUyMGhlaWdodCUzQSUyMDIwcHglM0IlMjIlM0UlMjAlM0MlMkZkaXYlM0U=[\/vc_raw_html]<div class=\"divider-title align-center\" >\u00daLTIMAS NOTICIAS<\/div><div class=\"latest-blog style-white\"\"><div class=\"blog-carousel\"><div class=\"blog-item\"><a href=\"https:\/\/www.varazdin.es\/fundacion\/es\/reforzando-nuestra-seccion-de-jardineria\/\" title=\"Reforzando nuestra secci\u00f3n de jardiner\u00eda\" class=\"blog-pic\"><img src=\"https:\/\/www.varazdin.es\/fundacion\/wp-content\/uploads\/2022\/09\/foto-jardineros-600x400.jpg\" alt=\"Reforzando nuestra secci\u00f3n de jardiner\u00eda\" \/><span class=\"blog-overlay\"><\/span><i class=\"fa fa-align-left\"><\/i><\/a><div class=\"blog-item-description\">\n\t\t\t\t\t\t\t<h4><a href=\"https:\/\/www.varazdin.es\/fundacion\/es\/reforzando-nuestra-seccion-de-jardineria\/\" title=\"Reforzando nuestra secci\u00f3n de jardiner\u00eda\">Reforzando nuestra secci\u00f3n de jardiner\u00eda<\/a><\/h4>\n\t\t\t\t\t  \t\t<div>El mantenimiento de jardines es una actividad que encaja muy bien con personas que tienen dificultades de trabajar en espacios... <a class=\"read-more-link\" href=\"https:\/\/www.varazdin.es\/fundacion\/es\/reforzando-nuestra-seccion-de-jardineria\/\">read more  &rarr;<\/a><\/div>\n\t\t\t\t\t  \t\t<span>7 septiembre 2022<\/span>\n\t\t\t\t  \t\t<\/div><\/div><div class=\"blog-item\"><a href=\"https:\/\/www.varazdin.es\/fundacion\/es\/nuevo-programa-de-inclusion-gracias-al-gobierno-de-navarra-y-el-fondo-social-europeo\/\" title=\"NUEVO PROGRAMA DE INCLUSI\u00d3N GRACIAS AL GOBIERNO DE NAVARRA Y EL FONDO SOCIAL EUROPEO\" class=\"blog-pic\"><img src=\"https:\/\/www.varazdin.es\/fundacion\/wp-content\/uploads\/2022\/05\/logo-fse-bilingue-600x149.png\" alt=\"NUEVO PROGRAMA DE INCLUSI\u00d3N GRACIAS AL GOBIERNO DE NAVARRA Y EL FONDO SOCIAL EUROPEO\" \/><span class=\"blog-overlay\"><\/span><i class=\"fa fa-align-left\"><\/i><\/a><div class=\"blog-item-description\">\n\t\t\t\t\t\t\t<h4><a href=\"https:\/\/www.varazdin.es\/fundacion\/es\/nuevo-programa-de-inclusion-gracias-al-gobierno-de-navarra-y-el-fondo-social-europeo\/\" title=\"NUEVO PROGRAMA DE INCLUSI\u00d3N GRACIAS AL GOBIERNO DE NAVARRA Y EL FONDO SOCIAL EUROPEO\">NUEVO PROGRAMA DE INCLUSI\u00d3N GRACIAS AL GOBIERNO DE NAVARRA Y EL FONDO SOCIAL EUROPEO<\/a><\/h4>\n\t\t\t\t\t  \t\t<div>Desde el departamento de Derechos Sociales y a trav\u00e9s de la convocatoria Empleo COMUNITARIO DE INTER\u00c9S SOCIAL (ECIS) se pone... <a class=\"read-more-link\" href=\"https:\/\/www.varazdin.es\/fundacion\/es\/nuevo-programa-de-inclusion-gracias-al-gobierno-de-navarra-y-el-fondo-social-europeo\/\">read more  &rarr;<\/a><\/div>\n\t\t\t\t\t  \t\t<span>11 mayo 2022<\/span>\n\t\t\t\t  \t\t<\/div><\/div><div class=\"blog-item\"><a href=\"https:\/\/www.varazdin.es\/fundacion\/es\/varazdin-devuelve-a-la-sociedad-247-euros-por-cada-euro-que-recibe\/\" title=\"Varazdin devuelve a la Sociedad 2,47 euros por cada euro que recibe\" class=\"blog-pic\"><img src=\"https:\/\/www.varazdin.es\/fundacion\/wp-content\/uploads\/2021\/01\/nave-varazdin-600x400.jpg\" alt=\"Varazdin devuelve a la Sociedad 2,47 euros por cada euro que recibe\" \/><span class=\"blog-overlay\"><\/span><i class=\"fa fa-align-left\"><\/i><\/a><div class=\"blog-item-description\">\n\t\t\t\t\t\t\t<h4><a href=\"https:\/\/www.varazdin.es\/fundacion\/es\/varazdin-devuelve-a-la-sociedad-247-euros-por-cada-euro-que-recibe\/\" title=\"Varazdin devuelve a la Sociedad 2,47 euros por cada euro que recibe\">Varazdin devuelve a la Sociedad 2,47 euros por cada euro que recibe<\/a><\/h4>\n\t\t\t\t\t  \t\t<div>As\u00ed se desprende de un estudio realizado por la Universidad P\u00fablica de Navarra y del Observatorio de la Realidad Social... <a class=\"read-more-link\" href=\"https:\/\/www.varazdin.es\/fundacion\/es\/varazdin-devuelve-a-la-sociedad-247-euros-por-cada-euro-que-recibe\/\">read more  &rarr;<\/a><\/div>\n\t\t\t\t\t  \t\t<span>12 enero 2021<\/span>\n\t\t\t\t  \t\t<\/div><\/div><\/div><\/div><div class=\"clear\"><\/div>[\/vc_column][\/vc_row][vc_row][vc_column width=\u00bb1\/1&#8243;]<div class=\"spacer\" style=\"height: 40px;\"><\/div>[\/vc_column][\/vc_row][vc_row type=\u00bbfull_width_section\u00bb][vc_column width=\u00bb1\/1&#8243;]<div class=\"callout clearfix\" style=\"background-color:#e2aa53; color:#ffffff;\">\n\t\t<div class=\"callout-text\">\u00bfNos ayudas a crear un futuro mejor?<\/div>\n\t\t\t<div class=\"callout-button\"><a class=\"button medium color-6\" href=\"http:\/\/www.varazdin.es\/fundacion\/contacto\/\" target=\"_self\">INVOL\u00daCRATE<\/a><\/div>\n\t\t<\/div>[\/vc_column][\/vc_row]<\/p>\n","protected":false},"excerpt":{"rendered":"<p>[vc_row top_padding=\u00bb60&#8243; bottom_padding=\u00bb40&#8243; bg_position=\u00bbleft top\u00bb][vc_column width=\u00bb1\/1&#8243;][rev_slider_vc alias=\u00bbhome\u00bb][\/vc_column][\/vc_row][vc_row top_padding=\u00bb30&#8243;][vc_column width=\u00bb1\/1&#8243;][\/vc_column][\/vc_row][vc_row][vc_column el_class=\u00bbestrecha\u00bb width=\u00bb1\/3&#8243;][\/vc_column][vc_column el_class=\u00bbestrecha\u00bb width=\u00bb1\/3&#8243;][\/vc_column][vc_column el_class=\u00bbestrecha\u00bb width=\u00bb1\/3&#8243;][\/vc_column][\/vc_row][vc_row top_padding=\u00bb60&#8243;][vc_column width=\u00bb1\/1&#8243;][\/vc_column][\/vc_row][vc_row][vc_column width=\u00bb1\/1&#8243;][vc_raw_html]JTNDZGl2JTIwY2xhc3MlM0QlMjJ3cGJfcm93JTIwdmNfcm93LWZsdWlkJTIwc3RhbmRhcmQtc2VjdGlvbiUyMHNlY3Rpb24lMjAlMjBzZWN0aW9uLW5vLXBhcmFsbGF4JTIwJTIwc3RyZXRjaCUyMCUyMCUyMCUyMiUyMGRhdGEtc3BlZWQlM0QlMjIxJTIyJTIwc3R5bGUlM0QlMjIlMjIlM0UlM0NkaXYlMjBjbGFzcyUzRCUyMmNvbCUyMHNwYW5fMTIlMjBjb2xvci1kYXJrJTIwbGVmdCUyMiUzRSUwQSUwOSUzQ2RpdiUyMGNsYXNzJTNEJTIydmNfY29sLXNtLTQlMjBlc3RyZWNoYSUyMHdwYl9jb2x1bW4lMjBjb2x1bW5fY29udGFpbmVyJTIwY29sJTIwbm8tcGFkZGluZyUyMGNvbG9yLWRhcmslMjIlMjBzdHlsZSUzRCUyMiUyMiUyMGRhdGEtYW5pbWF0aW9uJTNEJTIyJTIyJTIwZGF0YS1kZWxheSUzRCUyMiUyMiUzRSUwQSUwOSUwOSUzQ2RpdiUyMGNsYXNzJTNEJTIyd3BiX3dyYXBwZXIlMjIlM0UlMEElMDklMDklMDklM0NkaXYlMjBjbGFzcyUzRCUyMnNpbmdsZV9pbWFnZSUyMHdwYl9jb250ZW50X2VsZW1lbnQlMjBhbGlnbi1sZWZ0JTIwJTIwYW5pbWF0ZSUyMCUyMCUyMiUyMGRhdGEtYW5pbWF0aW9uJTNEJTIyZmFkZS1pbiUyMiUyMGRhdGEtZGVsYXklM0QlMjIwJTIyJTIwc3R5bGUlM0QlMjJvcGFjaXR5JTNBJTIwMSUzQiUyMG1hcmdpbi1ib3R0b20lM0ExMnB4JTNCJTIyJTNFJTNDYSUyMGhyZWYlM0QlMjJodHRwcyUzQSUyRiUyRnd3dy52YXJhemRpbi5lcyUyRmZ1bmRhY2lvbiUyRmluZHVzdHJpYSUyRiUyMiUyMHRhcmdldCUzRCUyMl9zZWxmJTIyJTNFJTNDaW1nJTIwd2lkdGglM0QlMjI3NjMlMjIlMjBoZWlnaHQlM0QlMjI1MTAlMjIlMjBzcmMlM0QlMjJodHRwcyUzQSUyRiUyRnd3dy52YXJhemRpbi5lcyUyRmZ1bmRhY2lvbiUyRndwLWNvbnRlbnQlMkZ1cGxvYWRzJTJGMjAxNSUyRjAxJTJGaW5kdXN0cmlhLmpwZyUyMiUyMGNsYXNzJTNEJTIyYXR0YWNobWVudC1mdWxsJTIyJTIwYWx0JTNEJTIyaW5kdXN0cmlhJTIyJTIwc3Jjc2V0JTNEJTIyaHR0cHMlM0ElMkYlMkZ3d3cudmFyYXpkaW4uZXMlMkZmdW5kYWNpb24lMkZ3cC1jb250ZW50JTJGdXBsb2FkcyUyRjIwMTUlMkYwMSUyRmluZHVzdHJpYS5qcGclMjA3NjN3JTJDJTIwaHR0cHMlM0ElMkYlMkZ3d3cudmFyYXpkaW4uZXMlMkZmdW5kYWNpb24lMkZ3cC1jb250ZW50JTJGdXBsb2FkcyUyRjIwMTUlMkYwMSUyRmluZHVzdHJpYS0zMDB4MjAxLmpwZyUyMDMwMHclMkMlMjBodHRwcyUzQSUyRiUyRnd3dy52YXJhemRpbi5lcyUyRmZ1bmRhY2lvbiUyRndwLWNvbnRlbnQlMkZ1cGxvYWRzJTJGMjAxNSUyRjAxJTJGaW5kdXN0cmlhLTYwMHg0MDAuanBnJTIwNjAwdyUyMiUyMHNpemVzJTNEJTIyJTI4bWF4LXdpZHRoJTNBJTIwNzYzcHglMjklMjAxMDB2dyUyQyUyMDc2M3B4JTIyJTNFJTNDJTJGYSUzRSUzQyUyRmRpdiUzRSUwQSUwOSUzQ2RpdiUyMGNsYXNzJTNEJTIyd3BiX3RleHRfY29sdW1uJTIwd3BiX2NvbnRlbnRfZWxlbWVudCUyMCUyMiUzRSUwQSUwOSUwOSUzQ2RpdiUyMGNsYXNzJTNEJTIyd3BiX3dyYXBwZXIlMjIlM0UlMEElMDklMDklMDklM0NoMyUyMHN0eWxlJTNEJTIydGV4dC1hbGlnbiUzQSUyMGNlbnRlciUzQiUyMiUzRUlORFVTVFJJQSUzQyUyRmgzJTNFJTBBJTBBJTA5JTA5JTNDJTJGZGl2JTNFJTBBJTA5JTNDJTJGZGl2JTNFJTBBJTBBJTA5JTA5JTNDJTJGZGl2JTNFJTIwJTBBJTA5JTNDJTJGZGl2JTNFJTIwJTBBJTBBJTA5JTNDZGl2JTIwY2xhc3MlM0QlMjJ2Y19jb2wtc20tNCUyMGVzdHJlY2hhJTIwd3BiX2NvbHVtbiUyMGNvbHVtbl9jb250YWluZXIlMjBjb2wlMjBuby1wYWRkaW5nJTIwY29sb3ItZGFyayUyMiUyMHN0eWxlJTNEJTIyJTIyJTIwZGF0YS1hbmltYXRpb24lM0QlMjIlMjIlMjBkYXRhLWRlbGF5JTNEJTIyJTIyJTNFJTBBJTA5JTA5JTNDZGl2JTIwY2xhc3MlM0QlMjJ3cGJfd3JhcHBlciUyMiUzRSUwQSUwOSUwOSUwOSUzQ2RpdiUyMGNsYXNzJTNEJTIyc2luZ2xlX2ltYWdlJTIwd3BiX2NvbnRlbnRfZWxlbWVudCUyMGFsaWduLWxlZnQlMjAlMjBhbmltYXRlJTIwJTIwJTIyJTIwZGF0YS1hbmltYXRpb24lM0QlMjJmYWRlLWluJTIyJTIwZGF0YS1kZWxheSUzRCUyMjAlMjIlMjBzdHlsZSUzRCUyMm9wYWNpdHklM0ElMjAxJTNCJTIwbWFyZ2luLWJvdHRvbSUzQTEycHglM0IlMjIlM0UlM0NhJTIwaHJlZiUzRCUyMmh0dHBzJTNBJTJGJTJGd3d3LnZhcmF6ZGluLmVzJTJGZnVuZGFjaW9uJTJGc2VydmljaW9zJTJGJTIyJTIwdGFyZ2V0JTNEJTIyX3NlbGYlMjIlM0UlM0NpbWclMjB3aWR0aCUzRCUyMjc2MyUyMiUyMGhlaWdodCUzRCUyMjUxMCUyMiUyMHNyYyUzRCUyMmh0dHBzJTNBJTJGJTJGd3d3LnZhcmF6ZGluLmVzJTJGZnVuZGFjaW9uJTJGd3AtY29udGVudCUyRnVwbG9hZHMlMkYyMDE1JTJGMDElMkZzZXJ2aWNpb3MuanBnJTIyJTIwY2xhc3MlM0QlMjJhdHRhY2htZW50LWZ1bGwlMjIlMjBhbHQlM0QlMjJzZXJ2aWNpb3MlMjIlMjBzcmNzZXQlM0QlMjJodHRwcyUzQSUyRiUyRnd3dy52YXJhemRpbi5lcyUyRmZ1bmRhY2lvbiUyRndwLWNvbnRlbnQlMkZ1cGxvYWRzJTJGMjAxNSUyRjAxJTJGc2VydmljaW9zLmpwZyUyMDc2M3clMkMlMjBodHRwcyUzQSUyRiUyRnd3dy52YXJhemRpbi5lcyUyRmZ1bmRhY2lvbiUyRndwLWNvbnRlbnQlMkZ1cGxvYWRzJTJGMjAxNSUyRjAxJTJGc2VydmljaW9zLTMwMHgyMDEuanBnJTIwMzAwdyUyQyUyMGh0dHBzJTNBJTJGJTJGd3d3LnZhcmF6ZGluLmVzJTJGZnVuZGFjaW9uJTJGd3AtY29udGVudCUyRnVwbG9hZHMlMkYyMDE1JTJGMDElMkZzZXJ2aWNpb3MtNjAweDQwMC5qcGclMjA2MDB3JTIyJTIwc2l6ZXMlM0QlMjIlMjhtYXgtd2lkdGglM0ElMjA3NjNweCUyOSUyMDEwMHZ3JTJDJTIwNzYzcHglMjIlM0UlM0MlMkZhJTNFJTNDJTJGZGl2JTNFJTBBJTA5JTNDZGl2JTIwY2xhc3MlM0QlMjJ3cGJfdGV4dF9jb2x1bW4lMjB3cGJfY29udGVudF9lbGVtZW50JTIwJTIyJTNFJTBBJTA5JTA5JTNDZGl2JTIwY2xhc3MlM0QlMjJ3cGJfd3JhcHBlciUyMiUzRSUwQSUwOSUwOSUwOSUzQ2gzJTIwc3R5bGUlM0QlMjJ0ZXh0LWFsaWduJTNBJTIwY2VudGVyJTNCJTIyJTNFU0VSVklDSU9TJTNDJTJGaDMlM0UlMEElMEElMDklMDklM0MlMkZkaXYlM0UlMEElMDklM0MlMkZkaXYlM0UlMEElMEElMDklMDklM0MlMkZkaXYlM0UlMjAlMEElMDklM0MlMkZkaXYlM0UlMjAlMEElMEElMDklM0NkaXYlMjBjbGFzcyUzRCUyMnZjX2NvbC1zbS00JTIwZXN0cmVjaGElMjB3cGJfY29sdW1uJTIwY29sdW1uX2NvbnRhaW5lciUyMGNvbCUyMG5vLXBhZGRpbmclMjBjb2xvci1kYXJrJTIyJTIwc3R5bGUlM0QlMjIlMjIlMjBkYXRhLWFuaW1hdGlvbiUzRCUyMiUyMiUyMGRhdGEtZGVsYXklM0QlMjIlMjIlM0UlMEElMDklMDklM0NkaXYlMjBjbGFzcyUzRCUyMndwYl93cmFwcGVyJTIyJTNFJTBBJTA5JTA5JTA5JTNDZGl2JTIwY2xhc3MlM0QlMjJzaW5nbGVfaW1hZ2UlMjB3cGJfY29udGVudF9lbGVtZW50JTIwYWxpZ24tbGVmdCUyMCUyMGFuaW1hdGUlMjAlMjAlMjIlMjBkYXRhLWFuaW1hdGlvbiUzRCUyMmZhZGUtaW4lMjIlMjBkYXRhLWRlbGF5JTNEJTIyMCUyMiUyMHN0eWxlJTNEJTIyb3BhY2l0eSUzQSUyMDElM0IlMjBwb3NpdGlvbiUzQXJlbGF0aXZlJTNCJTIwbWFyZ2luLWJvdHRvbSUzQTEycHglM0IlMjIlM0UlM0NpbWclMjB3aWR0aCUzRCUyMjc3MSUyMiUyMGhlaWdodCUzRCUyMjUxOSUyMiUyMHNyYyUzRCUyMmh0dHBzJTNBJTJGJTJGd3d3LnZhcmF6ZGluLmVzJTJGZnVuZGFjaW9uJTJGd3AtY29udGVudCUyRnVwbG9hZHMlMkYyMDE3JTJGMDUlMkZmb3RvUE9SVEFEQS5qcGclMjIlMjBjbGFzcyUzRCUyMmF0dGFjaG1lbnQtZnVsbCUyMiUyMGFsdCUzRCUyMmZvdG9QT1JUQURBJTIyJTIwc3Jjc2V0JTNEJTIyaHR0cHMlM0ElMkYlMkZ3d3cudmFyYXpkaW4uZXMlMkZmdW5kYWNpb24lMkZ3cC1jb250ZW50JTJGdXBsb2FkcyUyRjIwMTclMkYwNSUyRmZvdG9QT1JUQURBLmpwZyUyMDc3MXclMkMlMjBodHRwcyUzQSUyRiUyRnd3dy52YXJhemRpbi5lcyUyRmZ1bmRhY2lvbiUyRndwLWNvbnRlbnQlMkZ1cGxvYWRzJTJGMjAxNyUyRjA1JTJGZm90b1BPUlRBREEtMzAweDIwMi5qcGclMjAzMDB3JTJDJTIwaHR0cHMlM0ElMkYlMkZ3d3cudmFyYXpkaW4uZXMlMkZmdW5kYWNpb24lMkZ3cC1jb250ZW50JTJGdXBsb2FkcyUyRjIwMTclMkYwNSUyRmZvdG9QT1JUQURBLTc2OHg1MTcuanBnJTIwNzY4dyUyMiUyMHNpemVzJTNEJTIyJTI4bWF4LXdpZHRoJTNBJTIwNzcxcHglMjklMjAxMDB2dyUyQyUyMDc3MXB4JTIyJTNFJTBBJTNDYSUyMHN0eWxlJTNEJTIyZGlzcGxheSUzQWJsb2NrJTNCJTIwcG9zaXRpb24lM0FhYnNvbHV0ZSUzQiUyMHRvcCUzQTAlM0IlMjB3aWR0aCUzQTUwJTI1JTNCJTIwaGVpZ2h0JTNBMTAwJTI1JTNCJTIyJTIwaHJlZiUzRCUyMmh0dHBzJTNBJTJGJTJGd3d3LnZhcmF6ZGluLmVzJTJGZnVuZGFjaW9uJTJGdmFzb3MtcmV1dGlsaXphYmxlcyUyRiUyMiUzRSUzQyUyRmElM0UlMEElM0NhJTIwc3R5bGUlM0QlMjJkaXNwbGF5JTNBYmxvY2slM0IlMjBwb3NpdGlvbiUzQWFic29sdXRlJTNCJTIwdG9wJTNBMCUzQiUyMHJpZ2h0JTNBMCUzQiUyMHdpZHRoJTNBNTAlMjUlM0IlMjBoZWlnaHQlM0ExMDAlMjUlM0IlMjIlMjBocmVmJTNEJTIyaHR0cHMlM0ElMkYlMkZ3d3cudmFyYXpkaW4uZXMlMkZmdW5kYWNpb24lMkZlcyUyRmdlc3Rpb24tamFyZGluZXMlMkYlMjIlM0UlM0MlMkZhJTNFJTBBJTNDJTJGZGl2JTNFJTBBJTA5JTNDZGl2JTIwY2xhc3MlM0QlMjJ3cGJfdGV4dF9jb2x1bW4lMjB3cGJfY29udGVudF9lbGVtZW50JTIwJTIyJTNFJTBBJTA5JTA5JTNDZGl2JTIwY2xhc3MlM0QlMjJ3cGJfd3JhcHBlciUyMiUzRSUwQSUwOSUwOSUwOSUzQ2gzJTIwc3R5bGUlM0QlMjJ0ZXh0LWFsaWduJTNBJTIwY2VudGVyJTNCJTIyJTNFTUVESU8lMjBBTUJJRU5URSUzQyUyRmgzJTNFJTBBJTBBJTA5JTA5JTNDJTJGZGl2JTNFJTBBJTA5JTNDJTJGZGl2JTNFJTBBJTBBJTA5JTA5JTNDJTJGZGl2JTNFJTIwJTBBJTA5JTNDJTJGZGl2JTNFJTIwJTBBJTNDJTJGZGl2JTNFJTNDJTJGZGl2JTNF[\/vc_raw_html][\/vc_column][\/vc_row][vc_row bg_color=\u00bb#f9f9fa\u00bb class=\u00bbocultar\u00bb row_id=\u00bbfilanoticias\u00bb][vc_column width=\u00bb1\/1&#8243;][vc_raw_html]JTNDZGl2JTIwc3R5bGUlM0QlMjJ3aWR0aCUzQSUyMDFweCUzQiUyMGhlaWdodCUzQSUyMDIwcHglM0IlMjIlM0UlMjAlM0MlMkZkaXYlM0U=[\/vc_raw_html][\/vc_column][\/vc_row][vc_row][vc_column width=\u00bb1\/1&#8243;][\/vc_column][\/vc_row][vc_row type=\u00bbfull_width_section\u00bb][vc_column width=\u00bb1\/1&#8243;][\/vc_column][\/vc_row]<\/p>\n","protected":false},"author":1,"featured_media":0,"parent":0,"menu_order":0,"comment_status":"open","ping_status":"open","template":"","meta":[],"_links":{"self":[{"href":"https:\/\/www.varazdin.es\/fundacion\/wp-json\/wp\/v2\/pages\/13141"}],"collection":[{"href":"https:\/\/www.varazdin.es\/fundacion\/wp-json\/wp\/v2\/pages"}],"about":[{"href":"https:\/\/www.varazdin.es\/fundacion\/wp-json\/wp\/v2\/types\/page"}],"author":[{"embeddable":true,"href":"https:\/\/www.varazdin.es\/fundacion\/wp-json\/wp\/v2\/users\/1"}],"replies":[{"embeddable":true,"href":"https:\/\/www.varazdin.es\/fundacion\/wp-json\/wp\/v2\/comments?post=13141"}],"version-history":[{"count":68,"href":"https:\/\/www.varazdin.es\/fundacion\/wp-json\/wp\/v2\/pages\/13141\/revisions"}],"predecessor-version":[{"id":16366,"href":"https:\/\/www.varazdin.es\/fundacion\/wp-json\/wp\/v2\/pages\/13141\/revisions\/16366"}],"wp:attachment":[{"href":"https:\/\/www.varazdin.es\/fundacion\/wp-json\/wp\/v2\/media?parent=13141"}],"curies":[{"name":"wp","href":"https:\/\/api.w.org\/{rel}","templated":true}]}}